[INFO] cloning repository https://github.com/storyfeet/monchtercards
[INFO] running `Command { std: "git" "-c" "credential.helper=" "-c" "credential.helper=/workspace/cargo-home/bin/git-credential-null" "clone" "--bare" "https://github.com/storyfeet/monchtercards" "/workspace/cache/git-repos/https%3A%2F%2Fgithub.com%2Fstoryfeet%2Fmonchtercards", kill_on_drop: false }`
[INFO] [stderr] Cloning into bare repository '/workspace/cache/git-repos/https%3A%2F%2Fgithub.com%2Fstoryfeet%2Fmonchtercards'...
[INFO] running `Command { std: "git" "rev-parse" "HEAD", kill_on_drop: false }`
[INFO] [stdout] 33c4c8dac2b5ad5ee32f13c0ef0eee486b180452
[INFO] checking storyfeet/monchtercards against master#cfbc6d4cf1acbac5c025acf8ed68929caa551df3 for pr-75494-beta
[INFO] running `Command { std: "git" "clone" "/workspace/cache/git-repos/https%3A%2F%2Fgithub.com%2Fstoryfeet%2Fmonchtercards" "/workspace/builds/worker-12/source", kill_on_drop: false }`
[INFO] [stderr] Cloning into '/workspace/builds/worker-12/source'...
[INFO] [stderr] done.
[INFO] validating manifest of git repo https://github.com/storyfeet/monchtercards on toolchain cfbc6d4cf1acbac5c025acf8ed68929caa551df3
[INFO] running `Command { std: "/workspace/cargo-home/bin/cargo" "+cfbc6d4cf1acbac5c025acf8ed68929caa551df3" "read-manifest" "--manifest-path" "Cargo.toml", kill_on_drop: false }`
[INFO] started tweaking git repo https://github.com/storyfeet/monchtercards
[INFO] removed path dependency lazyf from git repo https://github.com/storyfeet/monchtercards
[INFO] removed path dependency mksvg from git repo https://github.com/storyfeet/monchtercards
[INFO] finished tweaking git repo https://github.com/storyfeet/monchtercards
[INFO] tweaked toml for git repo https://github.com/storyfeet/monchtercards written to /workspace/builds/worker-12/source/Cargo.toml
[INFO] crate git repo https://github.com/storyfeet/monchtercards already has a lockfile, it will not be regenerated
[INFO] running `Command { std: "/workspace/cargo-home/bin/cargo" "+cfbc6d4cf1acbac5c025acf8ed68929caa551df3" "fetch" "--locked" "--manifest-path" "Cargo.toml", kill_on_drop: false }`
[INFO] [stderr] warning: dependency (lazyf) specified without providing a local path, Git repository, or version to use. This will be considered an error in future versions
[INFO] [stderr] warning: dependency (mksvg) specified without providing a local path, Git repository, or version to use. This will be considered an error in future versions
[INFO] [stderr]     Updating crates.io index
[INFO] [stderr] error: the lock file /workspace/builds/worker-12/source/Cargo.lock needs to be updated but --locked was passed to prevent this
[INFO] [stderr] If you want to try to generate the lock file without accessing the network, use the --offline flag.
[INFO] the lockfile is outdated, regenerating it
[INFO] running `Command { std: "/workspace/cargo-home/bin/cargo" "+cfbc6d4cf1acbac5c025acf8ed68929caa551df3" "generate-lockfile" "--manifest-path" "Cargo.toml" "-Zno-index-update", kill_on_drop: false }`
[INFO] running `Command { std: "/workspace/cargo-home/bin/cargo" "+cfbc6d4cf1acbac5c025acf8ed68929caa551df3" "fetch" "--locked" "--manifest-path" "Cargo.toml", kill_on_drop: false }`
[INFO] [stderr] warning: dependency (lazyf) specified without providing a local path, Git repository, or version to use. This will be considered an error in future versions
[INFO] [stderr] warning: dependency (mksvg) specified without providing a local path, Git repository, or version to use. This will be considered an error in future versions
[INFO] running `Command { std: "docker" "create" "-v" "/var/lib/crater-agent-workspace/builds/worker-12/target:/opt/rustwide/target:rw,Z" "-v" "/var/lib/crater-agent-workspace/builds/worker-12/source:/opt/rustwide/workdir:ro,Z" "-v" "/var/lib/crater-agent-workspace/cargo-home:/opt/rustwide/cargo-home:ro,Z" "-v" "/var/lib/crater-agent-workspace/rustup-home:/opt/rustwide/rustup-home:ro,Z" "-e" "SOURCE_DIR=/opt/rustwide/workdir" "-e" "CARGO_TARGET_DIR=/opt/rustwide/target" "-e" "CARGO_HOME=/opt/rustwide/cargo-home" "-e" "RUSTUP_HOME=/opt/rustwide/rustup-home" "-w" "/opt/rustwide/workdir" "-m" "1610612736" "--user" "0:0" "--network" "none" "rustops/crates-build-env@sha256:a636fd89d022f18117e1dc8fb37a0a009933cdbbe082814857f0e2024962d47c" "/opt/rustwide/cargo-home/bin/cargo" "+cfbc6d4cf1acbac5c025acf8ed68929caa551df3" "metadata" "--no-deps" "--format-version=1", kill_on_drop: false }`
[INFO] [stderr] WARNING: Your kernel does not support swap limit capabilities or the cgroup is not mounted. Memory limited without swap.
[INFO] [stdout] 9a91aa8c3e85dc249037c18b6137fb486ce5ed5d4401b3732462ef53b8a534d5
[INFO] running `Command { std: "docker" "start" "-a" "9a91aa8c3e85dc249037c18b6137fb486ce5ed5d4401b3732462ef53b8a534d5", kill_on_drop: false }`
[INFO] running `Command { std: "docker" "inspect" "9a91aa8c3e85dc249037c18b6137fb486ce5ed5d4401b3732462ef53b8a534d5", kill_on_drop: false }`
[INFO] running `Command { std: "docker" "rm" "-f" "9a91aa8c3e85dc249037c18b6137fb486ce5ed5d4401b3732462ef53b8a534d5", kill_on_drop: false }`
[INFO] [stdout] 9a91aa8c3e85dc249037c18b6137fb486ce5ed5d4401b3732462ef53b8a534d5
[INFO] running `Command { std: "docker" "create" "-v" "/var/lib/crater-agent-workspace/builds/worker-12/target:/opt/rustwide/target:rw,Z" "-v" "/var/lib/crater-agent-workspace/builds/worker-12/source:/opt/rustwide/workdir:ro,Z" "-v" "/var/lib/crater-agent-workspace/cargo-home:/opt/rustwide/cargo-home:ro,Z" "-v" "/var/lib/crater-agent-workspace/rustup-home:/opt/rustwide/rustup-home:ro,Z" "-e" "SOURCE_DIR=/opt/rustwide/workdir" "-e" "CARGO_TARGET_DIR=/opt/rustwide/target" "-e" "CARGO_INCREMENTAL=0" "-e" "RUST_BACKTRACE=full" "-e" "RUSTFLAGS=--cap-lints=forbid" "-e" "CARGO_HOME=/opt/rustwide/cargo-home" "-e" "RUSTUP_HOME=/opt/rustwide/rustup-home" "-w" "/opt/rustwide/workdir" "-m" "1610612736" "--user" "0:0" "--network" "none" "rustops/crates-build-env@sha256:a636fd89d022f18117e1dc8fb37a0a009933cdbbe082814857f0e2024962d47c" "/opt/rustwide/cargo-home/bin/cargo" "+cfbc6d4cf1acbac5c025acf8ed68929caa551df3" "check" "--frozen" "--all" "--all-targets" "--message-format=json", kill_on_drop: false }`
[INFO] [stderr] WARNING: Your kernel does not support swap limit capabilities or the cgroup is not mounted. Memory limited without swap.
[INFO] [stdout] da14c727d18f1bedb415b7a94973805b2367205cce6eb0da902dbd9ce8316963
[INFO] running `Command { std: "docker" "start" "-a" "da14c727d18f1bedb415b7a94973805b2367205cce6eb0da902dbd9ce8316963", kill_on_drop: false }`
[INFO] [stderr] warning: dependency (lazyf) specified without providing a local path, Git repository, or version to use. This will be considered an error in future versions
[INFO] [stderr] warning: dependency (mksvg) specified without providing a local path, Git repository, or version to use. This will be considered an error in future versions
[INFO] [stderr]     Checking lazyf v0.1.4
[INFO] [stderr]     Checking monchtercards v0.1.0 (/opt/rustwide/workdir)
[INFO] [stdout] error[E0432]: unresolved import `mksvg::page::Card`
[INFO] [stdout]  --> src/mcard.rs:3:5
[INFO] [stdout]   |
[INFO] [stdout] 3 | use mksvg::page::Card;
[INFO] [stdout]   |     ^^^^^^^^^^^^^^^^^ no `Card` in `page`
[INFO] [stdout] 
[INFO] [stdout] 
[INFO] [stdout] error[E0432]: unresolved imports `mksvg::Svg`, `mksvg::style`, `mksvg::st`
[INFO] [stdout]  --> src/mcard.rs:4:13
[INFO] [stdout]   |
[INFO] [stdout] 4 | use mksvg::{Svg,style,st};
[INFO] [stdout]   |             ^^^ ^^^^^ ^^ no `st` in the root
[INFO] [stdout]   |             |   |
[INFO] [stdout]   |             |   no `style` in the root
[INFO] [stdout]   |             no `Svg` in the root
[INFO] [stdout] 
[INFO] [stdout] 
[INFO] [stdout] error[E0425]: cannot find function `pages_a4` in module `page`
[INFO] [stdout]   --> src/main.rs:35:28
[INFO] [stdout]    |
[INFO] [stdout] 35 |     let mut fpages = page::pages_a4(fout,5,7,&cards);
[INFO] [stdout]    |                            ^^^^^^^^ not found in `page`
[INFO] [stdout] 
[INFO] [stdout] 
[INFO] [stdout] error[E0425]: cannot find function `pages_a4` in module `page`
[INFO] [stdout]   --> src/main.rs:42:25
[INFO] [stdout]    |
[INFO] [stdout] 42 |     let bpages=   page::pages_a4(bout,5,7,&cbacks);
[INFO] [stdout]    |                         ^^^^^^^^ not found in `page`
[INFO] [stdout] 
[INFO] [stdout] 
[INFO] [stdout] error: aborting due to 4 previous errors
[INFO] [stdout] 
[INFO] [stdout] 
[INFO] [stdout] Some errors have detailed explanations: E0425, E0432.
[INFO] [stdout] 
[INFO] [stdout] For more information about an error, try `rustc --explain E0425`.
[INFO] [stdout] 
[INFO] [stderr] error: could not compile `monchtercards`.
[INFO] [stderr] 
[INFO] [stderr] To learn more, run the command again with --verbose.
[INFO] [stderr] warning: build failed, waiting for other jobs to finish...
[INFO] [stdout] error[E0432]: unresolved import `mksvg::page::Card`
[INFO] [stdout]  --> src/mcard.rs:3:5
[INFO] [stdout]   |
[INFO] [stdout] 3 | use mksvg::page::Card;
[INFO] [stdout]   |     ^^^^^^^^^^^^^^^^^ no `Card` in `page`
[INFO] [stdout] 
[INFO] [stdout] 
[INFO] [stdout] error[E0432]: unresolved imports `mksvg::Svg`, `mksvg::style`, `mksvg::st`
[INFO] [stdout]  --> src/mcard.rs:4:13
[INFO] [stdout]   |
[INFO] [stdout] 4 | use mksvg::{Svg,style,st};
[INFO] [stdout]   |             ^^^ ^^^^^ ^^ no `st` in the root
[INFO] [stdout]   |             |   |
[INFO] [stdout]   |             |   no `style` in the root
[INFO] [stdout]   |             no `Svg` in the root
[INFO] [stdout] 
[INFO] [stdout] 
[INFO] [stdout] error[E0425]: cannot find function `pages_a4` in module `page`
[INFO] [stdout]   --> src/main.rs:35:28
[INFO] [stdout]    |
[INFO] [stdout] 35 |     let mut fpages = page::pages_a4(fout,5,7,&cards);
[INFO] [stdout]    |                            ^^^^^^^^ not found in `page`
[INFO] [stdout] 
[INFO] [stdout] 
[INFO] [stdout] error[E0425]: cannot find function `pages_a4` in module `page`
[INFO] [stdout]   --> src/main.rs:42:25
[INFO] [stdout]    |
[INFO] [stdout] 42 |     let bpages=   page::pages_a4(bout,5,7,&cbacks);
[INFO] [stdout]    |                         ^^^^^^^^ not found in `page`
[INFO] [stdout] 
[INFO] [stdout] 
[INFO] [stdout] error: aborting due to 4 previous errors
[INFO] [stdout] 
[INFO] [stdout] 
[INFO] [stdout] Some errors have detailed explanations: E0425, E0432.
[INFO] [stdout] 
[INFO] [stdout] For more information about an error, try `rustc --explain E0425`.
[INFO] [stdout] 
[INFO] [stderr] error: build failed
[INFO] running `Command { std: "docker" "inspect" "da14c727d18f1bedb415b7a94973805b2367205cce6eb0da902dbd9ce8316963", kill_on_drop: false }`
[INFO] running `Command { std: "docker" "rm" "-f" "da14c727d18f1bedb415b7a94973805b2367205cce6eb0da902dbd9ce8316963", kill_on_drop: false }`
[INFO] [stdout] da14c727d18f1bedb415b7a94973805b2367205cce6eb0da902dbd9ce8316963
